{"id":2,"date":"2015-03-14T20:28:28","date_gmt":"2015-03-14T20:28:28","guid":{"rendered":"https:\/\/wildhaber.com\/?page_id=2"},"modified":"2026-01-17T14:59:57","modified_gmt":"2026-01-17T13:59:57","slug":"beispiel-seite","status":"publish","type":"page","link":"https:\/\/wildhaber.com\/","title":{"rendered":"Cyber Compliance"},"content":{"rendered":"<h1><strong>Ich begr\u00fcsse Sie bei Wildhaber Consulting<\/strong><\/h1>\n<p>Ich befasse mich seit 1989 mit <strong>Informationssicherheit, Datenschutz und Information Governance (Cyber Compliance)<\/strong>. Ich kombiniere das Fachwissen mit langj\u00e4hriger F\u00fchrungserfahrung als Gesch\u00e4ftsleitungsmitglied und VR.<\/p>\n<p>Unternehmen und Organisationen, die verstanden haben, dass <strong>Information<\/strong> ihr wichtigster <strong>Rohstoff<\/strong> ist, sind bei mir richtig. Ich kenne die unternehmerischen Herausforderungen in grossen Vorhaben und bin interdisziplin\u00e4r orientiert (Strategie, Recht, Organisation, Technologie, Change Management) &#8211; kein strategisches Technologieprojekt ohne gelebte F\u00fchrung &#8222;von oben&#8220;. Umfassendes Know-how zu Produkten und Anbietern runden mein Angebot ab. Ich unterst\u00fctze <strong>Verwaltungsr\u00e4te<\/strong> oder \u00fcbernehme VR-Mandate bei der F\u00fchrung komplexer IT-Vorhaben oder der Beurteilung von kritischen <strong>Datenschutz- und Sicherheitsthemen<\/strong>. Hier finden Sie meine <a href=\"https:\/\/www.beautiful.ai\/player\/-NE52RyPEN798VwyguAp\" target=\"_blank\" rel=\"noopener\">Firmenpr\u00e4sentation<\/a>.<\/p>\n<p>Ich nehme immer wieder Stellung zu aktuellen Datenschutz- und Sicherheitsthemen. Gerne verweise ich auf meinen <a href=\"https:\/\/wildhaber.com\/index.php\/artikel-und-publikationen\/\">Blog .<\/a><\/p>\n<p>Dr. Bruno Wildhaber<\/p>\n<p>PS: F\u00fcr Flipper-Restaurationen wenden Sie sich bitte an <a href=\"https:\/\/pinball-wildi.ch\" target=\"_blank\" rel=\"noopener\"><strong>Pinball-wildi.ch!<\/strong><\/a><\/p>\n","protected":false},"excerpt":{"rendered":"<p>Ich begr\u00fcsse Sie bei Wildhaber Consulting Ich befasse mich seit 1989 mit Informationssicherheit, Datenschutz und Information Governance (Cyber Compliance). Ich &hellip; <a href=\"https:\/\/wildhaber.com\/\" class=\"more-link\"><span class=\"more-button\">Continue reading &gt;<span class=\"screen-reader-text\">Cyber Compliance<\/span><\/span><\/a><\/p>\n","protected":false},"author":1,"featured_media":0,"parent":0,"menu_order":0,"comment_status":"closed","ping_status":"open","template":"","meta":{"footnotes":""},"class_list":["post-2","page","type-page","status-publish","hentry"],"_links":{"self":[{"href":"https:\/\/wildhaber.com\/index.php\/wp-json\/wp\/v2\/pages\/2","targetHints":{"allow":["GET"]}}],"collection":[{"href":"https:\/\/wildhaber.com\/index.php\/wp-json\/wp\/v2\/pages"}],"about":[{"href":"https:\/\/wildhaber.com\/index.php\/wp-json\/wp\/v2\/types\/page"}],"author":[{"embeddable":true,"href":"https:\/\/wildhaber.com\/index.php\/wp-json\/wp\/v2\/users\/1"}],"replies":[{"embeddable":true,"href":"https:\/\/wildhaber.com\/index.php\/wp-json\/wp\/v2\/comments?post=2"}],"version-history":[{"count":47,"href":"https:\/\/wildhaber.com\/index.php\/wp-json\/wp\/v2\/pages\/2\/revisions"}],"predecessor-version":[{"id":1480,"href":"https:\/\/wildhaber.com\/index.php\/wp-json\/wp\/v2\/pages\/2\/revisions\/1480"}],"wp:attachment":[{"href":"https:\/\/wildhaber.com\/index.php\/wp-json\/wp\/v2\/media?parent=2"}],"curies":[{"name":"wp","href":"https:\/\/api.w.org\/{rel}","templated":true}]}}