{"id":166,"date":"2015-04-01T20:56:57","date_gmt":"2015-04-01T19:56:57","guid":{"rendered":"https:\/\/wildhaber.com\/?page_id=166"},"modified":"2023-01-20T14:47:03","modified_gmt":"2023-01-20T13:47:03","slug":"information-governance","status":"publish","type":"page","link":"https:\/\/wildhaber.com\/index.php\/services-2\/information-governance\/","title":{"rendered":"Daten-Strategie und Information Governance"},"content":{"rendered":"<p>Die Welt bewegt sich weg von der IT zur Information. Die Technologie wird in den Hintergrund gedr\u00e4ngt, trotzdem verf\u00fcgen die meisten Organisationen noch \u00fcber IT-Ressourcen und stellen sich tagt\u00e4glich die Frage, wie sie damit umgehen sollen.<\/p>\n<p>Als CISA (Certified Information Systems Auditor) und ehemaliger Pr\u00e4sident der ISACA verf\u00fcge ich \u00fcber langj\u00e4hrige Erfahrung in der Beurteilung von komplexen IT-Umgebungen und IT-Organisationen. Durch das Zusammenwachsen von traditioneller IT und den sogenannten &#8222;Systems of Engagement&#8220; (Twitter, Facebook, Whatsupp und co.) stellen sich neue Herausforderungen. Welche IT-Dienste soll die Organisation noch selbst betreiben? Wo liegen die Risiken? Was macht strategisch Sinn? Wieviel Abh\u00e4ngigkeit kann und will man in Kauf nehmen?<\/p>\n<p>Als Gesch\u00e4ftsf\u00fchrer und Gr\u00fcnder des <a href=\"http:\/\/\/www.informationgovernance.ch\" target=\"_blank\" rel=\"noopener noreferrer\">Kompetenzzentrums Records Management (KRM) <\/a>k\u00fcmmere ich mich intensiv um den Umgang der Organisationen mit Information. Bitte kontaktieren Sie das KRM f\u00fcr weitergehende Informationen, Publikationen und Dienstleistungen.<\/p>\n","protected":false},"excerpt":{"rendered":"<p>Die Welt bewegt sich weg von der IT zur Information. Die Technologie wird in den Hintergrund gedr\u00e4ngt, trotzdem verf\u00fcgen die &hellip; <a href=\"https:\/\/wildhaber.com\/index.php\/services-2\/information-governance\/\" class=\"more-link\"><span class=\"more-button\">Continue reading &gt;<span class=\"screen-reader-text\">Daten-Strategie und Information Governance<\/span><\/span><\/a><\/p>\n","protected":false},"author":1,"featured_media":1067,"parent":298,"menu_order":0,"comment_status":"closed","ping_status":"open","template":"","meta":{"footnotes":""},"class_list":["post-166","page","type-page","status-publish","has-post-thumbnail","hentry"],"_links":{"self":[{"href":"https:\/\/wildhaber.com\/index.php\/wp-json\/wp\/v2\/pages\/166","targetHints":{"allow":["GET"]}}],"collection":[{"href":"https:\/\/wildhaber.com\/index.php\/wp-json\/wp\/v2\/pages"}],"about":[{"href":"https:\/\/wildhaber.com\/index.php\/wp-json\/wp\/v2\/types\/page"}],"author":[{"embeddable":true,"href":"https:\/\/wildhaber.com\/index.php\/wp-json\/wp\/v2\/users\/1"}],"replies":[{"embeddable":true,"href":"https:\/\/wildhaber.com\/index.php\/wp-json\/wp\/v2\/comments?post=166"}],"version-history":[{"count":12,"href":"https:\/\/wildhaber.com\/index.php\/wp-json\/wp\/v2\/pages\/166\/revisions"}],"predecessor-version":[{"id":1344,"href":"https:\/\/wildhaber.com\/index.php\/wp-json\/wp\/v2\/pages\/166\/revisions\/1344"}],"up":[{"embeddable":true,"href":"https:\/\/wildhaber.com\/index.php\/wp-json\/wp\/v2\/pages\/298"}],"wp:featuredmedia":[{"embeddable":true,"href":"https:\/\/wildhaber.com\/index.php\/wp-json\/wp\/v2\/media\/1067"}],"wp:attachment":[{"href":"https:\/\/wildhaber.com\/index.php\/wp-json\/wp\/v2\/media?parent=166"}],"curies":[{"name":"wp","href":"https:\/\/api.w.org\/{rel}","templated":true}]}}