{"id":13,"date":"2015-03-16T07:15:51","date_gmt":"2015-03-16T07:15:51","guid":{"rendered":"https:\/\/wildhaber.com\/?page_id=13"},"modified":"2026-01-17T15:10:21","modified_gmt":"2026-01-17T14:10:21","slug":"person","status":"publish","type":"page","link":"https:\/\/wildhaber.com\/index.php\/person\/","title":{"rendered":"\u00dcber mich"},"content":{"rendered":"<pre style=\"text-align: center;\">Mein meistgehasster Begriff \"Best Practice\" - oder frei nach Dilbert <strong>\"Wenn alle Best Practice machen, sind alle nur noch mittelm\u00e4ssig\"<\/strong>. Einen Marktf\u00fchrer wird es immer geben - und der macht sicher nicht Best Practice oder richtet sich nach den heute v\u00f6llig inflation\u00e4ren Standards der ISO oder anderen, monet\u00e4r getriebenen Organisationen.<\/pre>\n<p><strong>Dr. iur. Bruno Wildhaber\u00a0<\/strong><em>CISA, CISM, CGEIT, CIP<\/em><\/p>\n<p>Ich befasse mich seit \u00fcber 40 Jahren mit Informationen und Informationstechnologie, <strong>Spezialgebiet Information Governance und Information Security<\/strong>. Ich war Gr\u00fcnder\/Teilhaber mehrere Sicherheitsfiormen, u.a. Verwaltungsrat der <a title=\"Compass\" href=\"http:\/\/www.csnc.ch\" target=\"_blank\" rel=\"noopener noreferrer\">Compass Security AG<\/a> . Ich bin ausserdemTeilhaber und Managing Partner des <a title=\"KRM\" href=\"http:\/\/www.aufbewahrung.ch\" target=\"_blank\" rel=\"noopener noreferrer\">KRM<\/a>. Als Vorstand des Vereins <a href=\"https:\/\/gesundheitsdatenraum.ch\/\" target=\"_blank\" rel=\"noopener\">Gesundheitsdatenraum Schweiz<\/a> befasse ich mich mit einem wichtigen Thema, n\u00e4mlich der datengetriebenen Fokussierung auf den Patienten im Gesundheitswesen.<\/p>\n<p>Akademische Titel und Diplome sagen wenig \u00fcber die Leistungen einer Person aus. <strong>Ich denke je l\u00e4nger je mehr, dass ein m\u00f6glichst breites Verst\u00e4ndnis f\u00fcr Unternehmen und deren Kultur, Strategie, Herausforderungen und Chancen wichtiger sind, als technisches Detailwissen.<\/strong> Obwohl letzteres punktuell sehr hilfreich ist, scheitern Projekte und Vorhaben kaum je an der Technik oder der Fehlerhaftigkeit von Produkten &#8211; es sind die Schw\u00e4chen eines jeden, welche die Probleme verursachen. Wie ich mit Ihnen arbeite, habe ich\u00a0 <a href=\"https:\/\/wildhaber.com\/index.php\/person\/wie-ich-mit-ihnen-arbeite\/\">hier <\/a>festgehalten.\u00a0 <a href=\"https:\/\/wildhaber.com\/index.php\/person\/sie-erhalten-ein-ergebnis\/\">Ich erzeuge auch durchaus verwendbare Resultate (hier l\u00fcftet sich auch das Geheimnis von Marty).<\/a><\/p>\n<hr \/>\n<p><a href=\"https:\/\/pinball-wildi.ch\" target=\"_blank\" rel=\"noopener\">Ich bin auch der Kopf hinter Pinball-wildi.ch &#8211; Ihr Seite f\u00fcr Flipper &#8211; Restaurationen<\/a><\/p>\n<p><a href=\"https:\/\/pinball-wildi.ch\" target=\"_blank\" rel=\"noopener\"><img loading=\"lazy\" decoding=\"async\" class=\"alignnone size-medium wp-image-1486\" src=\"https:\/\/wildhaber.com\/wp-content\/uploads\/2026\/01\/pinball-300x212.png\" alt=\"\" width=\"300\" height=\"212\" srcset=\"https:\/\/wildhaber.com\/wp-content\/uploads\/2026\/01\/pinball-300x212.png 300w, https:\/\/wildhaber.com\/wp-content\/uploads\/2026\/01\/pinball-1024x725.png 1024w, https:\/\/wildhaber.com\/wp-content\/uploads\/2026\/01\/pinball-768x544.png 768w, https:\/\/wildhaber.com\/wp-content\/uploads\/2026\/01\/pinball-1536x1087.png 1536w, https:\/\/wildhaber.com\/wp-content\/uploads\/2026\/01\/pinball-2048x1450.png 2048w\" sizes=\"auto, (max-width: 300px) 100vw, 300px\" \/><\/a><\/p>\n<p>&nbsp;<\/p>\n","protected":false},"excerpt":{"rendered":"<p>Mein meistgehasster Begriff &#8222;Best Practice&#8220; &#8211; oder frei nach Dilbert &#8222;Wenn alle Best Practice machen, sind alle nur noch mittelm\u00e4ssig&#8220;. &hellip; <a href=\"https:\/\/wildhaber.com\/index.php\/person\/\" class=\"more-link\"><span class=\"more-button\">Continue reading &gt;<span class=\"screen-reader-text\">\u00dcber mich<\/span><\/span><\/a><\/p>\n","protected":false},"author":1,"featured_media":0,"parent":0,"menu_order":0,"comment_status":"closed","ping_status":"closed","template":"","meta":{"footnotes":""},"class_list":["post-13","page","type-page","status-publish","hentry"],"_links":{"self":[{"href":"https:\/\/wildhaber.com\/index.php\/wp-json\/wp\/v2\/pages\/13","targetHints":{"allow":["GET"]}}],"collection":[{"href":"https:\/\/wildhaber.com\/index.php\/wp-json\/wp\/v2\/pages"}],"about":[{"href":"https:\/\/wildhaber.com\/index.php\/wp-json\/wp\/v2\/types\/page"}],"author":[{"embeddable":true,"href":"https:\/\/wildhaber.com\/index.php\/wp-json\/wp\/v2\/users\/1"}],"replies":[{"embeddable":true,"href":"https:\/\/wildhaber.com\/index.php\/wp-json\/wp\/v2\/comments?post=13"}],"version-history":[{"count":20,"href":"https:\/\/wildhaber.com\/index.php\/wp-json\/wp\/v2\/pages\/13\/revisions"}],"predecessor-version":[{"id":1487,"href":"https:\/\/wildhaber.com\/index.php\/wp-json\/wp\/v2\/pages\/13\/revisions\/1487"}],"wp:attachment":[{"href":"https:\/\/wildhaber.com\/index.php\/wp-json\/wp\/v2\/media?parent=13"}],"curies":[{"name":"wp","href":"https:\/\/api.w.org\/{rel}","templated":true}]}}